site number?
False
Is 14567 a prime number?
False
Is 328327 composite?
False
Is 1847 a composite number?
False
Is 1049569 a prime number?
True
Is 1973 a prime number?
True
Is 162883 prime?
False
Is 43163 a composite number?
True
Is 490517 a prime number?
False
Is 5420347 composite?
False
Is 3471301 a composite number?
False
Is 70249 composite?
False
Is 581683 composite?
False
Is 72211 prime?
True
Is 8491 composite?
True
Is 40571 a composite number?
True
Is 36758 prime?
False
Is 82129 a composite number?
False
Is 55073 composite?
False
Is 35771 composite?
False
Is 873157 prime?
True
Is 21647 a composite number?
False
Is 57179 composite?
False
Is 45751 a composite number?
False
Is 67561 a prime number?
False
Is 30691 composite?
True
Is 1589 a prime number?
False
Is 7669 prime?
True
Is 122777 composite?
False
Is 7115 prime?
False
Is 1248107 composite?
True
Is 8213 a composite number?
True
Is 69815 a composite number?
True
Is 24347 composite?
True
Is 274163 composite?
False
Is 26023 a composite number?
True
Is 1735583 composite?
True
Is 229426 prime?
False
Is 1022323 composite?
True
Is 774173 a composite number?
False
Is 2941 prime?
False
Is 44471 prime?
False
Is 53239 prime?
True
Is 4309 prime?
False
Is 277 composite?
False
Is 138053 a prime number?
True
Is 68443 a composite number?
False
Is 4083 a prime number?
False
Is 1889 composite?
False
Is 45029 composite?
True
Is 22531 prime?
True
Is 112787 a composite number?
False
Is 3967 a composite number?
False
Is 1655 a prime number?
False
Is 530429 a prime number?
True
Is 63229 a composite number?
True
Is 82111 prime?
False
Is 93077 a prime number?
True
Is 21331 a prime number?
False
Is 2335363 a composite number?
False
Is 120005 composite?
True
Is 11351 prime?
True
Is 87811 a prime number?
True
Is 51383 a prime number?
True
Is 402635 a composite number?
True
Is 24011 a prime number?
False
Is 220838 composite?
True
Is 147419 a prime number?
True
Is 64871 a composite number?
False
Is 12659 composite?
False
Is 8383 a prime number?
False
Is 27611 a prime number?
True
Is 132329 composite?
False
Is 79589 composite?
False
Is 2747 a prime number?
False
Is 2957 prime?
True
Is 853 composite?
False
Is 11801 prime?
True
Is 733 a prime number?
True
Is 310333 prime?
True
Is 20269 prime?
True
Is 2959 composite?
True
Is 1103371 prime?
True
Is 682471 a composite number?
False
Is 5493 prime?
False
Is 9866 a prime number?
False
Is 55307 a prime number?
False
Is 26485 composite?
True
Is 20609 a prime number?
False
Is 8813 a composite number?
True
Is 496763 a composite number?
False
Is 6289 a composite number?
True
Is 33827 a composite number?
False
Is 35897 prime?
True
Is 20021 prime?
True
Is 26237 prime?
True
Is 20831 a composite number?
True
Is 1230067 prime?
True
Is 739907 prime?
False
Is 67867 a composite number?
False
Is 3449 a composite number?
False
Is 3989 composite?
False
Is 114157 prime?
True
Is 817 prime?
False
Is 54169 composite?
True
Is 258341 a prime number?
False
Is 23123 a composite number?
True
Is 102814 a prime number?
False
Is 48099 a composite number?
True
Is 1499 composite?
False
Is 509317 composite?
False
Is 365357 composite?
False
Is 1948847 composite?
False
Is 73397 prime?
False
Is 46715 prime?
False
Is 199131 prime?
False
Is 14969 a prime number?
True
Is 1304063 composite?
True
Is 103262 a prime number?
False
Is 1345 composite?
True
Is 210931 prime?
False
Is 115405 a composite number?
True
Is 8509 a prime number?
False
Is 26237 prime?
True
Is 154219 composite?
True
Is 72955 a prime number?
False
Is 131731 a prime number?
True
Is 376945 a composite number?
True
Is 1655 composite?
True
Is 15449 a composite number?
True
Is 330467 prime?
False
Is 3468163 a composite number?
False
Is 740371 composite?
False
Is 29173 prime?
True
Is 18199 a composite number?
False
Is 5567 prime?
False
Is 2389 prime?
True
Is 2719 a prime number?
True
Is 40813 a composite number?
False
Is 247859 a prime number?
False
Is 261805 prime?
False
Is 341357 composite?
False
Is 158857 a prime number?
False
Is 60797 composite?
True
Is 2579 composite?
False
Is 2241997 a prime number?
False
Is 483907 prime?
True
Is 20455 composite?
True
Is 1754297 composite?
True
Is 12313 a prime number?
False
Is 1993 a composite number?
False
Is 132747 a prime number?
False
Is 836581 a prime number?
False
Is 10289 prime?
True
Is 959 a composite number?
True
Is 81343 a prime number?
True
Is 2159 a prime number?
False
Is 14971 composite?
True
Is 210149 a composite number?
True
Is 358327 composite?
False
Is 1723 composite?
False
Is 90427 a prime number?
False
Is 2091991 prime?
False
Is 2062487 a composite number?
True
Is 5793 a prime number?
False
Is 66247 prime?
False
Is 20693 composite?
False
Is 14621 a prime number?
True
Is 38933 prime?
True
Is 8929 a composite number?
False
Is 5153 prime?
True
Is 368306 a composite number?
True
Is 61399 prime?
False
Is 149933 prime?
False
Is 321983 prime?
True
Is 1943 a composite number?
True
Is 28073 prime?
False
Is 57161 prime?
False
Is 278387 a prime number?
True
Is 610123 composite?
False
Is 166241 a composite number?
True
Is 9197 composite?
True
Is 10903 a composite number?
False
Is 2085971 composite?
False
Is 24163 a prime number?
False
Is 83357 composite?
False
Is 997201 composite?
False
Is 8876419 composite?
False
Is 51967 a composite number?
True
Is 1279141 composite?
False
Is 1741 composite?
False
Is 32089 prime?
True
Is 183637 a composite number?
False
Is 35759 a prime number?
True
Is 184214 prime?
False
Is 2099 a prime number?
True
Is 67979 a composite number?
False
Is 4929641 a composite number?
False
Is 39211 composite?
True
Is 127799 a composite number?
True
Is 31567 a prime number?
True
Is 16477 composite?
False
Is 388973 a composite number?
True
Is 3263 prime?
False
Is 172729 a composite number?
True
Is 53479 prime?
True
Is 35597 a composite number?
False
Is 115201 composite?
False
Is 1306717 a composite number?
False
Is 228187 prime?
False
Is 24439 a prime number?
True
Is 229247 composite?
False
Is 8171 a prime number?
True
Is 3295 prime?
False
Is 1965539 a prime number?
False
Is 322667 prime?
False
Is 176389 prime?
True
Is 12517 a composite number?
False
Is 116329 composite?
False
Is 443 composite?
False
Is 124573 prime?
False
Is 14689 a composite number?
True
Is 12778 prime?
False
Is 8887 a composite number?
False
Is 3941 prime?
False
Is 232333 composite?
False
Is 142501 composite?
False
Is 25219 composite?
False
Is 112663 prime?
True
Is 389 a prime number?
True
Is 939167 a prime number?
True
Is 119839 a prime number?
True
Is 5849 composite?
False
Is 235273 composite?
False
Is 55177 prime?
False
Is 298897 composite?
False
Is 30089 a composite number?
False
Is 100565 a composite number?
True
Is 145 prime?
False
Is 134243 prime?
True
Is 92413 a composite number?
False
Is 4050809 composite?
True
Is 449321 composite?
False
Is 163 a composite number?
False
Is 22394 composite?
True
Is 113711 prime?
False
Is 1343 composite?
True
Is 17257 composite?
False
Is 29117 composite?
True
Is 8147 a prime number?
True
Is 21445 a composite number?
True
Is 8671385 a composite number?
True
Is 575021 a prime number?
False
Is 43369 a composite number?
True
Is 153751 a prime number?
False
Is 11729 composite?
True
Is 90317 composite?
True
Is 50737 a prime number?
False
Is 124979 a composite number?
False
Is 36493 a composite number?
False
Is 10078 composite?
True
Is 126379 prime?
False
Is 44867 prime?
True
Is 138727 a prime number?
True
Is 26977 a prime number?
False
Is 8301 composite?
True
Is 6217 composite?
False
Is 1923 a composite number?
True
Is 42923 a prime number?
True
Is 8147 a composite number?
False
Is 3109 prime?
True
Is 99391 a composite number?
False
Is 1384969 a prime number?
False
Is 13477 a prime number?
True
Is 433241 composite?
False
Is 13411 prime?
True
Is 216211 a prime number?
True
Is 37273 prime?
True
Is 72671 a prime number?
True
Is 197539 a composite number?
False
Is 1543 composite?
False
Is 75149 composite?
False
Is 595327 a composite number?
True
Is 143567 composite?
False
Is 37535 a composite number?
True
Is 226109 composite?
True
Is 337097 a prime number?
True
Is 592123 prime?
False
Is 82627 composite?
True
Is 3763201 a composite number?
True
Is 9037 a composite number?
True
Is 667 a